572 is divided by 2663.
2628
What is the remainder when 16336528 is divided by 339?
118
Calculate the remainder when 48285 is divided by 46450.
1835
Calculate the remainder when 853179 is divided by 14459.
98
What is the remainder when 1755101 is divided by 18?
11
Calculate the remainder when 8470447 is divided by 605030.
27
What is the remainder when 120736 is divided by 5478?
220
What is the remainder when 7218697 is divided by 720?
697
What is the remainder when 2074991 is divided by 259367?
55
What is the remainder when 131513 is divided by 1529?
19
Calculate the remainder when 1875440 is divided by 1172.
240
What is the remainder when 5875450 is divided by 2937602?
246
What is the remainder when 15613616 is divided by 205?
201
Calculate the remainder when 621902 is divided by 2577.
845
What is the remainder when 687771 is divided by 2729?
63
Calculate the remainder when 302091318 is divided by 20.
18
What is the remainder when 1259275 is divided by 1461?
1354
What is the remainder when 39955838 is divided by 128?
126
Calculate the remainder when 17485795 is divided by 1047.
895
Calculate the remainder when 24000453 is divided by 888905.
18
What is the remainder when 24065 is divided by 3864?
881
Calculate the remainder when 377752 is divided by 26376.
8488
Calculate the remainder when 1321120 is divided by 825.
295
What is the remainder when 1108789 is divided by 123025?
1564
Calculate the remainder when 1458715 is divided by 489.
28
Calculate the remainder when 1189146 is divided by 572.
530
Calculate the remainder when 25904403 is divided by 738.
603
Calculate the remainder when 22183979 is divided by 11091943.
93
What is the remainder when 539992 is divided by 1991?
431
Calculate the remainder when 30161907 is divided by 43.
30
What is the remainder when 345030 is divided by 1643?
0
What is the remainder when 21854 is divided by 434?
154
What is the remainder when 43148520 is divided by 5805?
5760
Calculate the remainder when 10632 is divided by 9839.
793
What is the remainder when 7246312 is divided by 1937?
1932
Calculate the remainder when 7036 is divided by 997.
57
Calculate the remainder when 358243 is divided by 17054.
109
Calculate the remainder when 63885 is divided by 15853.
473
What is the remainder when 307589 is divided by 18081?
212
Calculate the remainder when 4410561 is divided by 2894.
105
What is the remainder when 48353 is divided by 3793?
2837
What is the remainder when 560505 is divided by 10375?
255
Calculate the remainder when 6877883 is divided by 6743.
23
What is the remainder when 43659651 is divided by 17429?
6
Calculate the remainder when 16723228 is divided by 5543.
5540
What is the remainder when 384329192 is divided by 23?
20
What is the remainder when 348714346 is divided by 55?
46
Calculate the remainder when 151937093 is divided by 18992136.
5
What is the remainder when 21339664 is divided by 2732?
12
What is the remainder when 6332 is divided by 5994?
338
What is the remainder when 104829 is divided by 2453?
1803
Calculate the remainder when 499327 is divided by 276.
43
Calculate the remainder when 1236495 is divided by 320.
15
Calculate the remainder when 632156 is divided by 9.
5
Calculate the remainder when 102641 is divided by 3259.
1612
Calculate the remainder when 2655722 is divided by 747.
137
Calculate the remainder when 14372774 is divided by 4067.
4063
Calculate the remainder when 46070 is divided by 9194.
100
What is the remainder when 35864196 is divided by 223?
221
What is the remainder when 12747251 is divided by 608?
531
Calculate the remainder when 1934279 is divided by 73.
71
What is the remainder when 468868 is divided by 31257?
13
What is the remainder when 570296 is divided by 9193?
330
What is the remainder when 2476292 is divided by 4422?
4394
Calculate the remainder when 146033 is divided by 72961.
111
What is the remainder when 41727 is divided by 156?
75
Calculate the remainder when 90175 is divided by 590.
495
What is the remainder when 4303181 is divided by 358579?
233
What is the remainder when 182219 is divided by 231?
191
What is the remainder when 60095 is divided by 1545?
1385
Calculate the remainder when 300116 is divided by 37502.
100
Calculate the remainder when 1804257 is divided by 6420.
237
Calculate the remainder when 5354362 is divided by 17.
8
What is the remainder when 818385 is divided by 185?
130
What is the remainder when 118778395 is divided by 104?
99
Calculate the remainder when 998068540 is divided by 59.
55
Calculate the remainder when 175112351 is divided by 16.
15
What is the remainder when 32585847 is divided by 3405?
3402
Calculate the remainder when 2214756 is divided by 3173.
2
What is the remainder when 197105 is divided by 98547?
11
Calculate the remainder when 1574106 is divided by 1711.
1697
What is the remainder when 35083976 is divided by 4808?
0
Calculate the remainder when 60352257 is divided by 201.
198
What is the remainder when 1560810 is divided by 84?
6
What is the remainder when 121985678 is divided by 40?
38
Calculate the remainder when 3245268 is divided by 490.
488
Calculate the remainder when 22758613 is divided by 58.
51
Calculate the remainder when 245320 is divided by 2097.
2068
What is the remainder when 3530664 is divided by 118?
104
What is the remainder when 8364002 is divided by 1126?
74
Calculate the remainder when 3844832 is divided by 1281605.
17
Calculate the remainder when 42336721 is divided by 143.
141
Calculate the remainder when 17214346 is divided by 23.
19
Calculate the remainder when 552281 is divided by 552242.
39
What is the remainder when 77327 is divided by 38635?
57
Calculate the remainder when 454807 is divided by 302.
297
Calculate the remainder when 205618 is divided by 50382.
4090
Calculate the remainder when 102931077 is divided by 802.
793
Calculate the remainder when 20669658 is divided by 10334825.
8
Calculate the remainder when 133791 is divided by 63794.
6203
Calculate the remainder when 547072 is divided by 894.
838
What is the remainder when 171974855 is divided by 64?
7
Calculate the remainder when 136969525 is divided by 10.
5
What is the remainder when 17231471 is divided by 25?
21
What is the remainder when 1962038 is divided by 303?
113
Calculate the remainder when 8204 is divided by 758.
624
Calculate the remainder when 349741 is divided by 349740.
1
Calculate the remainder when 83859 is divided by 6980.
99
Calculate the remainder when 225755 is divided by 7784.
19
What is the remainder when 9583794 is divided by 1916751?
39
What is the remainder when 2008546 is divided by 1581?
676
Calculate the remainder when 676603 is divided by 30751.
81
What is the remainder when 42202 is divided by 21007?
188
Calculate the remainder when 1652725 is divided by 3593.
3538
Calculate the remainder when 7502740 is divided by 625228.
4
What is the remainder when 170020 is divided by 21221?
252
What is the remainder when 608012 is divided by 7330?
6952
What is the remainder when 5217690 is divided by 528?
522
Calculate the remainder when 4962455 is divided by 5268.
5267
Calculate the remainder when 10238096 is divided by 248.
160
Calculate the remainder when 165786 is divided by 41446.
2
What is the remainder when 6610755 is divided by 104?
99
What is the remainder when 20261844 is divided by 353?
350
What is the remainder when 1090916 is divided by 34086?
164
Calculate the remainder when 231061 is divided by 56798.
3869
What is the remainder when 30908708 is divided by 13?
12
Calculate the remainder when 120958 is divided by 743.
592
Calculate the remainder when 178827921 is divided by 14.
13
Calculate the remainder when 328 is divided by 228.
100
Calculate the remainder when 91360 is divided by 22837.
12
What is the remainder when 787841 is divided by 3959?
0
What is the remainder when 11879653 is divided by 121?
115
Calculate the remainder when 231520 is divided by 77102.
214
What is the remainder when 188061 is divided by 1175?
61
Calculate the remainder when 22075 is divided by 10778.
519
What is the remainder when 6757150 is divided by 1?
0
Calculate the remainder when 2707557 is divided by 120.
117
Calculate the remainder when 108513 is divided by 12817.
5977
What is the remainder when 5500979